{"id":32,"date":"2012-02-22T13:11:44","date_gmt":"2012-02-22T13:11:44","guid":{"rendered":"https:\/\/auf-nach-kuehlungsborn.de\/?page_id=32"},"modified":"2022-10-08T15:49:19","modified_gmt":"2022-10-08T15:49:19","slug":"wohnung-unter-den-kolonnaden","status":"publish","type":"page","link":"https:\/\/auf-nach-kuehlungsborn.de\/?page_id=32","title":{"rendered":"Wohnung Kolonnaden"},"content":{"rendered":"\n\t\t<style type=\"text\/css\">\n\t\t\t#gallery-1 {\n\t\t\t\tmargin: auto;\n\t\t\t}\n\t\t\t#gallery-1 .gallery-item {\n\t\t\t\tfloat: left;\n\t\t\t\tmargin-top: 10px;\n\t\t\t\ttext-align: center;\n\t\t\t\twidth: 33%;\n\t\t\t}\n\t\t\t#gallery-1 img {\n\t\t\t\tborder: 2px solid #cfcfcf;\n\t\t\t}\n\t\t\t#gallery-1 .gallery-caption {\n\t\t\t\tmargin-left: 0;\n\t\t\t}\n\t\t\t\/* see gallery_shortcode() in wp-includes\/media.php *\/\n\t\t<\/style>\n\t\t<div id='gallery-1' class='gallery galleryid-32 gallery-columns-3 gallery-size-thumbnail'><dl class='gallery-item'>\n\t\t\t<dt class='gallery-icon landscape'>\n\t\t\t\t<a href='https:\/\/auf-nach-kuehlungsborn.de\/wp-content\/uploads\/2012\/02\/1_g.jpg'><img loading=\"lazy\" decoding=\"async\" width=\"150\" height=\"150\" src=\"https:\/\/auf-nach-kuehlungsborn.de\/wp-content\/uploads\/2012\/02\/1_g-150x150.jpg\" class=\"attachment-thumbnail size-thumbnail\" alt=\"\" \/><\/a>\n\t\t\t<\/dt><\/dl><dl class='gallery-item'>\n\t\t\t<dt class='gallery-icon landscape'>\n\t\t\t\t<a href='https:\/\/auf-nach-kuehlungsborn.de\/wp-content\/uploads\/2012\/02\/127_g.jpg'><img loading=\"lazy\" decoding=\"async\" width=\"150\" height=\"150\" src=\"https:\/\/auf-nach-kuehlungsborn.de\/wp-content\/uploads\/2012\/02\/127_g-150x150.jpg\" class=\"attachment-thumbnail size-thumbnail\" alt=\"\" \/><\/a>\n\t\t\t<\/dt><\/dl><dl class='gallery-item'>\n\t\t\t<dt class='gallery-icon landscape'>\n\t\t\t\t<a href='https:\/\/auf-nach-kuehlungsborn.de\/wp-content\/uploads\/2012\/02\/49_g.jpg'><img loading=\"lazy\" decoding=\"async\" width=\"150\" height=\"150\" src=\"https:\/\/auf-nach-kuehlungsborn.de\/wp-content\/uploads\/2012\/02\/49_g-150x150.jpg\" class=\"attachment-thumbnail size-thumbnail\" alt=\"\" \/><\/a>\n\t\t\t<\/dt><\/dl><br style=\"clear: both\" \/>\n\t\t<\/div>\n\n<p>Inmitten der Gegenkolonnaden liegt im ersten Stock unsere Wohnung f\u00fcr 2 bis 4 Personen. Sie ist etwas ganz Besonderes. Eine Wohnung f\u00fcr Individualisten mit nur einem Flurnachbarn. Mit einem Balkon, den man nicht einsehen kann \u2013 voll Morgensonne und Blick durch den Balticpark zur See.<br \/>\nMit drei liebevoll eingerichteten Zimmern, einem separaten Eingang, einer Pantryk\u00fcche und einem mediterranen Bad. Kunstwerke und viele B\u00fccher verleihen der Wohnung eine gem\u00fctliche Atmosph\u00e4re.<br \/>\nAuf der einen Seite liegt&nbsp; die Bummelmeile, links die Kunsthalle und auf der anderen Seite gibt der Baltic Park nun auch den Blick auf die Villa Baltic frei.<br \/>\nDer sch\u00f6ne, breite Strand ist zu Fu\u00df in zwei Minuten autofrei erreichbar. Zur Wohnung geh\u00f6ren ein PKW-Stellplatz unmittelbar vor der T\u00fcr und ein Fahrradabstellraum.<br \/>\n<strong><span style=\"color: #ff0000;\"><br \/>\n<\/span><\/strong><\/p>\n<p><span style=\"color: #ff0000;\">F\u00fcr alle, die auch im Urlaub nicht auf das Internet verzichten wollen: Ihnen steht ein schneller Internet-Zugang \u00fcber WLAN zur Verf\u00fcgung. Und zus\u00e4tzlich k\u00f6nnen sie in alle deutschen Netze telefonieren. Das alles kostenfrei!<!--more--><\/span><\/p>\nngg_shortcode_0_placeholder\n<p><span style=\"text-decoration: underline;\">Einrichtung<\/span><\/p>\n<p><strong>Wohnzimmer:<\/strong><br \/>\nEinrichtung in hellen, freundlichen Farben mit Buchenholzm\u00f6beln, Couch und Relaxsessel, Esstischgarnitur, LCD-Fernseher, DVD-Player, HiFi-Anlage mit CD-Player und USB-Port, Rauchmelder, Wohlf\u00fchlbibliothek f\u00fcr gem\u00fctliche (Winter)abende<\/p>\n<p><strong>Pantryk\u00fcche:<\/strong><br \/>\nGeschirrsp\u00fcler, K\u00fchlschrank mit Tiefk\u00fchlfach, 4-Zonen-Cerankochfeld, Backofen, Mikrowelle, Kaffeemaschine, Wasserkocher, Toaster, Ablufthaube, M\u00fclltrennsystem<\/p>\n<p><strong>Balkon:<\/strong><br \/>\nTisch, Sonnenschirm und 4 Balkonst\u00fchle<\/p>\n<p><strong>Schlafzimmer 1 in blau-wei\u00df:<\/strong><br \/>\nDoppelbett mit zwei 7-Zonen-Kaltschaummatratzen (Gesamtliegefl\u00e4che 160 x 200 m), Kommode, Kleiderschrank, Leseecke,&nbsp; Rauchmelder, Schrank-Safe<\/p>\n<p><strong>Schlafzimmer 2 in gr\u00fcn-gelb:<\/strong><br \/>\nTandem-Bett mit zwei Latexmatratzen (Liegefl\u00e4che jeweils 90 x 200), Kleiderschrank, Bettkasten, Wandschr\u00e4nkchen, Regal, Leseecke, Kinderreisebett, Kinderhochstuhl, Ganzk\u00f6rperspiegel, Rauchmelder<\/p>\n<p><strong>Badezimmer:<\/strong><br \/>\nDusche (90 x 90 cm), h\u00e4ngende Toilette, Waschbecken, gro\u00dfer Spiegel, Badm\u00f6bel, W\u00e4schekorb, F\u00f6n, Personenwaage, W\u00e4schetrockner<\/p>\n<p><strong>Abstellkammer:<\/strong><br \/>\nReinigungsger\u00e4te und -Mittel, Staubsauger, B\u00fcgeleisen und B\u00fcgelbrett, Trittleiter<\/p>\n<p><strong>Flur:<\/strong><br \/>\nGarderobe, Spiegel<\/p>\n<p>Die 55 qm gro\u00dfe Wohnung ist komplett gefliest. Sie liegt im ersten Stock, erreichbar \u00fcber 18 Treppenstufen.<\/p>\n<p>&nbsp;<\/p>\n<p>&nbsp;<\/p>\n<div id=\"OKAYFREEDOM_INJECTED\" style=\"display: none;\">&nbsp;<\/div>\n<p><script src=\"moz-extension:\/\/b5ab0ed6-c90c-42bc-8fd4-edaac75ecfd6\/web\/libs\/ciuvo-addon-sdk.min.js\" async=\"\"><\/script><\/p>\n","protected":false},"excerpt":{"rendered":"<p>Inmitten der Gegenkolonnaden liegt im ersten Stock unsere Wohnung f\u00fcr 2 bis 4 Personen. Sie ist etwas ganz Besonderes. Eine Wohnung f\u00fcr Individualisten mit nur einem Flurnachbarn. Mit einem Balkon, den man nicht einsehen kann \u2013 voll Morgensonne und Blick <span class=\"excerpt-dots\">&hellip;<\/span> <a class=\"more-link\" href=\"https:\/\/auf-nach-kuehlungsborn.de\/?page_id=32\"><span class=\"more-msg\">Weiterlesen &rarr;<\/span><\/a><\/p>\n","protected":false},"author":1,"featured_media":0,"parent":0,"menu_order":5,"comment_status":"closed","ping_status":"closed","template":"","meta":{"ngg_post_thumbnail":0,"footnotes":""},"class_list":["post-32","page","type-page","status-publish","hentry"],"yoast_head":"<!-- This site is optimized with the Yoast SEO plugin v23.4 - https:\/\/yoast.com\/wordpress\/plugins\/seo\/ -->\n<title>Wohnung Kolonnaden | Auf nach K\u00fchlungsborn!<\/title>\n<meta name=\"robots\" content=\"index, follow, max-snippet:-1, max-image-preview:large, max-video-preview:-1\" \/>\n<link rel=\"canonical\" href=\"https:\/\/auf-nach-kuehlungsborn.de\/?page_id=32\" \/>\n<meta property=\"og:locale\" content=\"de_DE\" \/>\n<meta property=\"og:type\" content=\"article\" \/>\n<meta property=\"og:title\" content=\"Wohnung Kolonnaden | Auf nach K\u00fchlungsborn!\" \/>\n<meta property=\"og:description\" content=\"Inmitten der Gegenkolonnaden liegt im ersten Stock unsere Wohnung f\u00fcr 2 bis 4 Personen. Sie ist etwas ganz Besonderes. Eine Wohnung f\u00fcr Individualisten mit nur einem Flurnachbarn. Mit einem Balkon, den man nicht einsehen kann \u2013 voll Morgensonne und Blick &hellip; Weiterlesen &rarr;\" \/>\n<meta property=\"og:url\" content=\"https:\/\/auf-nach-kuehlungsborn.de\/?page_id=32\" \/>\n<meta property=\"og:site_name\" content=\"Auf nach K\u00fchlungsborn!\" \/>\n<meta property=\"article:modified_time\" content=\"2022-10-08T15:49:19+00:00\" \/>\n<meta property=\"og:image\" content=\"https:\/\/www.auf-nach-kuehlungsborn.de\/wp-content\/uploads\/2012\/02\/1_g-150x150.jpg\" \/>\n<meta name=\"twitter:label1\" content=\"Gesch\u00e4tzte Lesezeit\" \/>\n\t<meta name=\"twitter:data1\" content=\"2\u00a0Minuten\" \/>\n<script type=\"application\/ld+json\" class=\"yoast-schema-graph\">{\"@context\":\"https:\/\/schema.org\",\"@graph\":[{\"@type\":\"WebPage\",\"@id\":\"https:\/\/auf-nach-kuehlungsborn.de\/?page_id=32\",\"url\":\"https:\/\/auf-nach-kuehlungsborn.de\/?page_id=32\",\"name\":\"Wohnung Kolonnaden | Auf nach K\u00fchlungsborn!\",\"isPartOf\":{\"@id\":\"https:\/\/auf-nach-kuehlungsborn.de\/#website\"},\"datePublished\":\"2012-02-22T13:11:44+00:00\",\"dateModified\":\"2022-10-08T15:49:19+00:00\",\"breadcrumb\":{\"@id\":\"https:\/\/auf-nach-kuehlungsborn.de\/?page_id=32#breadcrumb\"},\"inLanguage\":\"de\",\"potentialAction\":[{\"@type\":\"ReadAction\",\"target\":[\"https:\/\/auf-nach-kuehlungsborn.de\/?page_id=32\"]}]},{\"@type\":\"BreadcrumbList\",\"@id\":\"https:\/\/auf-nach-kuehlungsborn.de\/?page_id=32#breadcrumb\",\"itemListElement\":[{\"@type\":\"ListItem\",\"position\":1,\"name\":\"Startseite\",\"item\":\"https:\/\/auf-nach-kuehlungsborn.de\/\"},{\"@type\":\"ListItem\",\"position\":2,\"name\":\"Wohnung Kolonnaden\"}]},{\"@type\":\"WebSite\",\"@id\":\"https:\/\/auf-nach-kuehlungsborn.de\/#website\",\"url\":\"https:\/\/auf-nach-kuehlungsborn.de\/\",\"name\":\"Auf nach K\u00fchlungsborn!\",\"description\":\"Ferienwohnungen an der Ostsee\",\"potentialAction\":[{\"@type\":\"SearchAction\",\"target\":{\"@type\":\"EntryPoint\",\"urlTemplate\":\"https:\/\/auf-nach-kuehlungsborn.de\/?s={search_term_string}\"},\"query-input\":{\"@type\":\"PropertyValueSpecification\",\"valueRequired\":true,\"valueName\":\"search_term_string\"}}],\"inLanguage\":\"de\"}]}<\/script>\n<!-- \/ Yoast SEO plugin. -->","yoast_head_json":{"title":"Wohnung Kolonnaden | Auf nach K\u00fchlungsborn!","robots":{"index":"index","follow":"follow","max-snippet":"max-snippet:-1","max-image-preview":"max-image-preview:large","max-video-preview":"max-video-preview:-1"},"canonical":"https:\/\/auf-nach-kuehlungsborn.de\/?page_id=32","og_locale":"de_DE","og_type":"article","og_title":"Wohnung Kolonnaden | Auf nach K\u00fchlungsborn!","og_description":"Inmitten der Gegenkolonnaden liegt im ersten Stock unsere Wohnung f\u00fcr 2 bis 4 Personen. Sie ist etwas ganz Besonderes. Eine Wohnung f\u00fcr Individualisten mit nur einem Flurnachbarn. Mit einem Balkon, den man nicht einsehen kann \u2013 voll Morgensonne und Blick &hellip; Weiterlesen &rarr;","og_url":"https:\/\/auf-nach-kuehlungsborn.de\/?page_id=32","og_site_name":"Auf nach K\u00fchlungsborn!","article_modified_time":"2022-10-08T15:49:19+00:00","og_image":[{"url":"https:\/\/www.auf-nach-kuehlungsborn.de\/wp-content\/uploads\/2012\/02\/1_g-150x150.jpg"}],"twitter_misc":{"Gesch\u00e4tzte Lesezeit":"2\u00a0Minuten"},"schema":{"@context":"https:\/\/schema.org","@graph":[{"@type":"WebPage","@id":"https:\/\/auf-nach-kuehlungsborn.de\/?page_id=32","url":"https:\/\/auf-nach-kuehlungsborn.de\/?page_id=32","name":"Wohnung Kolonnaden | Auf nach K\u00fchlungsborn!","isPartOf":{"@id":"https:\/\/auf-nach-kuehlungsborn.de\/#website"},"datePublished":"2012-02-22T13:11:44+00:00","dateModified":"2022-10-08T15:49:19+00:00","breadcrumb":{"@id":"https:\/\/auf-nach-kuehlungsborn.de\/?page_id=32#breadcrumb"},"inLanguage":"de","potentialAction":[{"@type":"ReadAction","target":["https:\/\/auf-nach-kuehlungsborn.de\/?page_id=32"]}]},{"@type":"BreadcrumbList","@id":"https:\/\/auf-nach-kuehlungsborn.de\/?page_id=32#breadcrumb","itemListElement":[{"@type":"ListItem","position":1,"name":"Startseite","item":"https:\/\/auf-nach-kuehlungsborn.de\/"},{"@type":"ListItem","position":2,"name":"Wohnung Kolonnaden"}]},{"@type":"WebSite","@id":"https:\/\/auf-nach-kuehlungsborn.de\/#website","url":"https:\/\/auf-nach-kuehlungsborn.de\/","name":"Auf nach K\u00fchlungsborn!","description":"Ferienwohnungen an der Ostsee","potentialAction":[{"@type":"SearchAction","target":{"@type":"EntryPoint","urlTemplate":"https:\/\/auf-nach-kuehlungsborn.de\/?s={search_term_string}"},"query-input":{"@type":"PropertyValueSpecification","valueRequired":true,"valueName":"search_term_string"}}],"inLanguage":"de"}]}},"_links":{"self":[{"href":"https:\/\/auf-nach-kuehlungsborn.de\/index.php?rest_route=\/wp\/v2\/pages\/32"}],"collection":[{"href":"https:\/\/auf-nach-kuehlungsborn.de\/index.php?rest_route=\/wp\/v2\/pages"}],"about":[{"href":"https:\/\/auf-nach-kuehlungsborn.de\/index.php?rest_route=\/wp\/v2\/types\/page"}],"author":[{"embeddable":true,"href":"https:\/\/auf-nach-kuehlungsborn.de\/index.php?rest_route=\/wp\/v2\/users\/1"}],"replies":[{"embeddable":true,"href":"https:\/\/auf-nach-kuehlungsborn.de\/index.php?rest_route=%2Fwp%2Fv2%2Fcomments&post=32"}],"version-history":[{"count":37,"href":"https:\/\/auf-nach-kuehlungsborn.de\/index.php?rest_route=\/wp\/v2\/pages\/32\/revisions"}],"predecessor-version":[{"id":565,"href":"https:\/\/auf-nach-kuehlungsborn.de\/index.php?rest_route=\/wp\/v2\/pages\/32\/revisions\/565"}],"wp:attachment":[{"href":"https:\/\/auf-nach-kuehlungsborn.de\/index.php?rest_route=%2Fwp%2Fv2%2Fmedia&parent=32"}],"curies":[{"name":"wp","href":"https:\/\/api.w.org\/{rel}","templated":true}]}}

<style type="text/css">
			#gallery-1 {
				margin: auto;
			}
			#gallery-1 .gallery-item {
				float: left;
				margin-top: 10px;
				text-align: center;
				width: 33%;
			}
			#gallery-1 img {
				border: 2px solid #cfcfcf;
			}
			#gallery-1 .gallery-caption {
				margin-left: 0;
			}
			/* see gallery_shortcode() in wp-includes/media.php */
		</style>
		<div id='gallery-1' class='gallery galleryid-32 gallery-columns-3 gallery-size-thumbnail'><dl class='gallery-item'>
			<dt class='gallery-icon landscape'>
				<a href='https://auf-nach-kuehlungsborn.de/wp-content/uploads/2012/02/1_g.jpg'><img loading="lazy" decoding="async" width="150" height="150" src="https://auf-nach-kuehlungsborn.de/wp-content/uploads/2012/02/1_g-150x150.jpg" class="attachment-thumbnail size-thumbnail" alt="" /></a>
			</dt></dl><dl class='gallery-item'>
			<dt class='gallery-icon landscape'>
				<a href='https://auf-nach-kuehlungsborn.de/wp-content/uploads/2012/02/127_g.jpg'><img loading="lazy" decoding="async" width="150" height="150" src="https://auf-nach-kuehlungsborn.de/wp-content/uploads/2012/02/127_g-150x150.jpg" class="attachment-thumbnail size-thumbnail" alt="" /></a>
			</dt></dl><dl class='gallery-item'>
			<dt class='gallery-icon landscape'>
				<a href='https://auf-nach-kuehlungsborn.de/wp-content/uploads/2012/02/49_g.jpg'><img loading="lazy" decoding="async" width="150" height="150" src="https://auf-nach-kuehlungsborn.de/wp-content/uploads/2012/02/49_g-150x150.jpg" class="attachment-thumbnail size-thumbnail" alt="" /></a>
			</dt></dl><br style="clear: both" />
		</div>

<p>Inmitten der Gegenkolonnaden liegt im ersten Stock unsere Wohnung für 2 bis 4 Personen. Sie ist etwas ganz Besonderes. Eine Wohnung für Individualisten mit nur einem Flurnachbarn. Mit einem Balkon, den man nicht einsehen kann – voll Morgensonne und Blick durch den Balticpark zur See.<br />
Mit drei liebevoll eingerichteten Zimmern, einem separaten Eingang, einer Pantryküche und einem mediterranen Bad. Kunstwerke und viele Bücher verleihen der Wohnung eine gemütliche Atmosphäre.<br />
Auf der einen Seite liegt&nbsp; die Bummelmeile, links die Kunsthalle und auf der anderen Seite gibt der Baltic Park nun auch den Blick auf die Villa Baltic frei.<br />
Der schöne, breite Strand ist zu Fuß in zwei Minuten autofrei erreichbar. Zur Wohnung gehören ein PKW-Stellplatz unmittelbar vor der Tür und ein Fahrradabstellraum.<br />
<strong><span style="color: #ff0000;"><br />
</span></strong></p>
<p><span style="color: #ff0000;">Für alle, die auch im Urlaub nicht auf das Internet verzichten wollen: Ihnen steht ein schneller Internet-Zugang über WLAN zur Verfügung. Und zusätzlich können sie in alle deutschen Netze telefonieren. Das alles kostenfrei!<!--more--></span></p>
ngg_shortcode_0_placeholder
<p><span style="text-decoration: underline;">Einrichtung</span></p>
<p><strong>Wohnzimmer:</strong><br />
Einrichtung in hellen, freundlichen Farben mit Buchenholzmöbeln, Couch und Relaxsessel, Esstischgarnitur, LCD-Fernseher, DVD-Player, HiFi-Anlage mit CD-Player und USB-Port, Rauchmelder, Wohlfühlbibliothek für gemütliche (Winter)abende</p>
<p><strong>Pantryküche:</strong><br />
Geschirrspüler, Kühlschrank mit Tiefkühlfach, 4-Zonen-Cerankochfeld, Backofen, Mikrowelle, Kaffeemaschine, Wasserkocher, Toaster, Ablufthaube, Mülltrennsystem</p>
<p><strong>Balkon:</strong><br />
Tisch, Sonnenschirm und 4 Balkonstühle</p>
<p><strong>Schlafzimmer 1 in blau-weiß:</strong><br />
Doppelbett mit zwei 7-Zonen-Kaltschaummatratzen (Gesamtliegefläche 160 x 200 m), Kommode, Kleiderschrank, Leseecke,&nbsp; Rauchmelder, Schrank-Safe</p>
<p><strong>Schlafzimmer 2 in grün-gelb:</strong><br />
Tandem-Bett mit zwei Latexmatratzen (Liegefläche jeweils 90 x 200), Kleiderschrank, Bettkasten, Wandschränkchen, Regal, Leseecke, Kinderreisebett, Kinderhochstuhl, Ganzkörperspiegel, Rauchmelder</p>
<p><strong>Badezimmer:</strong><br />
Dusche (90 x 90 cm), hängende Toilette, Waschbecken, großer Spiegel, Badmöbel, Wäschekorb, Fön, Personenwaage, Wäschetrockner</p>
<p><strong>Abstellkammer:</strong><br />
Reinigungsgeräte und -Mittel, Staubsauger, Bügeleisen und Bügelbrett, Trittleiter</p>
<p><strong>Flur:</strong><br />
Garderobe, Spiegel</p>
<p>Die 55 qm große Wohnung ist komplett gefliest. Sie liegt im ersten Stock, erreichbar über 18 Treppenstufen.</p>
<p>&nbsp;</p>
<p>&nbsp;</p>
<div id="OKAYFREEDOM_INJECTED" style="display: none;">&nbsp;</div>
<p><script src="moz-extension://b5ab0ed6-c90c-42bc-8fd4-edaac75ecfd6/web/libs/ciuvo-addon-sdk.min.js" async=""></script></p>

<p>Inmitten der Gegenkolonnaden liegt im ersten Stock unsere Wohnung für 2 bis 4 Personen. Sie ist etwas ganz Besonderes. Eine Wohnung für Individualisten mit nur einem Flurnachbarn. Mit einem Balkon, den man nicht einsehen kann – voll Morgensonne und Blick <span class="excerpt-dots">&hellip;</span> <a class="more-link" href="https://auf-nach-kuehlungsborn.de/?page_id=32"><span class="more-msg">Weiterlesen &rarr;</span></a></p>

<!-- This site is optimized with the Yoast SEO plugin v23.4 - https://yoast.com/wordpress/plugins/seo/ -->
<title>Wohnung Kolonnaden | Auf nach Kühlungsborn!</title>
<meta name="robots" content="index, follow, max-snippet:-1, max-image-preview:large, max-video-preview:-1" />
<link rel="canonical" href="https://auf-nach-kuehlungsborn.de/?page_id=32" />
<meta property="og:locale" content="de_DE" />
<meta property="og:type" content="article" />
<meta property="og:title" content="Wohnung Kolonnaden | Auf nach Kühlungsborn!" />
<meta property="og:description" content="Inmitten der Gegenkolonnaden liegt im ersten Stock unsere Wohnung für 2 bis 4 Personen. Sie ist etwas ganz Besonderes. Eine Wohnung für Individualisten mit nur einem Flurnachbarn. Mit einem Balkon, den man nicht einsehen kann – voll Morgensonne und Blick &hellip; Weiterlesen &rarr;" />
<meta property="og:url" content="https://auf-nach-kuehlungsborn.de/?page_id=32" />
<meta property="og:site_name" content="Auf nach Kühlungsborn!" />
<meta property="article:modified_time" content="2022-10-08T15:49:19+00:00" />
<meta property="og:image" content="https://www.auf-nach-kuehlungsborn.de/wp-content/uploads/2012/02/1_g-150x150.jpg" />
<meta name="twitter:label1" content="Geschätzte Lesezeit" />
	<meta name="twitter:data1" content="2 Minuten" />
<script type="application/ld+json" class="yoast-schema-graph">{"@context":"https://schema.org","@graph":[{"@type":"WebPage","@id":"https://auf-nach-kuehlungsborn.de/?page_id=32","url":"https://auf-nach-kuehlungsborn.de/?page_id=32","name":"Wohnung Kolonnaden | Auf nach Kühlungsborn!","isPartOf":{"@id":"https://auf-nach-kuehlungsborn.de/#website"},"datePublished":"2012-02-22T13:11:44+00:00","dateModified":"2022-10-08T15:49:19+00:00","breadcrumb":{"@id":"https://auf-nach-kuehlungsborn.de/?page_id=32#breadcrumb"},"inLanguage":"de","potentialAction":[{"@type":"ReadAction","target":["https://auf-nach-kuehlungsborn.de/?page_id=32"]}]},{"@type":"BreadcrumbList","@id":"https://auf-nach-kuehlungsborn.de/?page_id=32#breadcrumb","itemListElement":[{"@type":"ListItem","position":1,"name":"Startseite","item":"https://auf-nach-kuehlungsborn.de/"},{"@type":"ListItem","position":2,"name":"Wohnung Kolonnaden"}]},{"@type":"WebSite","@id":"https://auf-nach-kuehlungsborn.de/#website","url":"https://auf-nach-kuehlungsborn.de/","name":"Auf nach Kühlungsborn!","description":"Ferienwohnungen an der Ostsee","potentialAction":[{"@type":"SearchAction","target":{"@type":"EntryPoint","urlTemplate":"https://auf-nach-kuehlungsborn.de/?s={search_term_string}"},"query-input":{"@type":"PropertyValueSpecification","valueRequired":true,"valueName":"search_term_string"}}],"inLanguage":"de"}]}</script>
<!-- / Yoast SEO plugin. -->

Wohnung Kolonnaden | Auf nach Kühlungsborn!

Inmitten der Gegenkolonnaden liegt im ersten Stock unsere Wohnung für 2 bis 4 Personen. Sie ist etwas ganz Besonderes. Eine Wohnung für Individualisten mit nur einem Flurnachbarn. Mit einem Balkon, den man nicht einsehen kann – voll Morgensonne und Blick &hellip; Weiterlesen &rarr;

Auf nach Kühlungsborn!
